7
What is the remainder when 1004125 is divided by 1004122?
3
Calculate the remainder when 981305 is divided by 669.
551
What is the remainder when 34064490 is divided by 281?
265
Calculate the remainder when 33322593 is divided by 12.
9
What is the remainder when 931697 is divided by 1169?
4
What is the remainder when 793258 is divided by 792868?
390
Calculate the remainder when 4750876 is divided by 1987.
1946
What is the remainder when 108212 is divided by 58?
42
What is the remainder when 3900999 is divided by 17185?
4
What is the remainder when 138910 is divided by 8971?
4345
Calculate the remainder when 440012 is divided by 62.
60
Calculate the remainder when 560546 is divided by 529.
335
What is the remainder when 18626246 is divided by 274?
0
Calculate the remainder when 159770328 is divided by 37.
36
Calculate the remainder when 45902163 is divided by 205.
203
Calculate the remainder when 46023442 is divided by 54.
52
What is the remainder when 5227708 is divided by 536?
100
What is the remainder when 131580 is divided by 32724?
684
Calculate the remainder when 236377 is divided by 3380.
3157
Calculate the remainder when 1788805 is divided by 2782.
2761
What is the remainder when 44646 is divided by 104?
30
What is the remainder when 500052 is divided by 45453?
69
What is the remainder when 7207133 is divided by 3414?
179
Calculate the remainder when 835038 is divided by 610.
558
What is the remainder when 14614758 is divided by 2614?
2498
What is the remainder when 2936775 is divided by 183540?
135
Calculate the remainder when 178921 is divided by 4446.
1081
Calculate the remainder when 26307 is divided by 8251.
1554
What is the remainder when 582206 is divided by 7570?
6886
Calculate the remainder when 871072 is divided by 290357.
1
What is the remainder when 770569747 is divided by 3361?
3360
What is the remainder when 13794354 is divided by 4598113?
15
Calculate the remainder when 20353692 is divided by 251280.
12
Calculate the remainder when 317141 is divided by 2661.
482
What is the remainder when 623792 is divided by 100?
92
Calculate the remainder when 5798663 is divided by 1932844.
131
Calculate the remainder when 744489 is divided by 6588.
45
Calculate the remainder when 720630 is divided by 125.
5
Calculate the remainder when 36042 is divided by 267.
264
What is the remainder when 6352632 is divided by 235280?
72
Calculate the remainder when 37899625 is divided by 83.
82
What is the remainder when 11273975 is divided by 52?
11
Calculate the remainder when 5790304 is divided by 118.
44
What is the remainder when 38646770 is divided by 19323383?
4
What is the remainder when 205183 is divided by 2631?
2596
What is the remainder when 80870 is divided by 2458?
2214
Calculate the remainder when 1097489 is divided by 12605.
854
Calculate the remainder when 11543214 is divided by 2156.
2146
Calculate the remainder when 103237 is divided by 31621.
8374
Calculate the remainder when 317180733 is divided by 614.
613
Calculate the remainder when 12813694 is divided by 4271231.
1
What is the remainder when 14151655 is divided by 41993?
14
Calculate the remainder when 132779918 is divided by 29.
25
Calculate the remainder when 69661138 is divided by 2786.
2780
Calculate the remainder when 15437796 is divided by 248996.
44
Calculate the remainder when 10103906 is divided by 139.
135
What is the remainder when 1211324 is divided by 1211264?
60
What is the remainder when 857881 is divided by 19064?
1
What is the remainder when 7583588 is divided by 821?
11
What is the remainder when 1922508 is divided by 6202?
6090
Calculate the remainder when 999911 is divided by 51.
5
What is the remainder when 6235495 is divided by 1562?
1553
Calculate the remainder when 1755308 is divided by 219412.
12
What is the remainder when 192273445 is divided by 27467633?
14
What is the remainder when 11057640 is divided by 116?
56
What is the remainder when 1291519 is divided by 19863?
424
What is the remainder when 4590747 is divided by 125?
122
What is the remainder when 523261 is divided by 102?
1
Calculate the remainder when 1646994 is divided by 123.
24
What is the remainder when 31284090 is divided by 43?
42
What is the remainder when 378102 is divided by 562?
438
What is the remainder when 555614 is divided by 277655?
304
What is the remainder when 642807 is divided by 503?
476
Calculate the remainder when 1361063 is divided by 453176.
1535
What is the remainder when 46584851 is divided by 1571?
1559
What is the remainder when 238237 is divided by 601?
241
Calculate the remainder when 1657433 is divided by 21.
8
Calculate the remainder when 13432769 is divided by 13.
12
Calculate the remainder when 8052 is divided by 7986.
66
Calculate the remainder when 6750111 is divided by 167.
138
What is the remainder when 44547 is divided by 11977?
8616
What is the remainder when 750719 is divided by 750643?
76
What is the remainder when 2913734 is divided by 3473?
3360
Calculate the remainder when 1195507 is divided by 149436.
19
What is the remainder when 13452825 is divided by 346?
345
Calculate the remainder when 1965127 is divided by 708.
427
Calculate the remainder when 4241414 is divided by 311.
307
What is the remainder when 13383 is divided by 10800?
2583
What is the remainder when 16568296 is divided by 326?
324
What is the remainder when 1154107 is divided by 3224?
3139
Calculate the remainder when 1634851 is divided by 30846.
13
What is the remainder when 536749 is divided by 1387?
1367
Calculate the remainder when 3855327 is divided by 145.
67
What is the remainder when 756850 is divided by 248?
202
What is the remainder when 147341 is divided by 6053?
2069
Calculate the remainder when 96084 is divided by 134.
6
What is the remainder when 3985751 is divided by 569393?
0
Calculate the remainder when 27749 is divided by 1550.
1399
Calculate the remainder when 9679714 is divided by 373.
364
Calculate the remainder when 568622 is divided by 110.
32
Calculate the remainder when 3784011 is divided by 1611.
1383
What is the remainder when 123368 is divided by 122954?
414
What is the remainder when 84981458 is divided by 6?
2
Calculate the remainder when 406779 is divided by 1458.
1455
What is the remainder when 2490896 is divided by 683?
678
What is the remainder when 21670380 is divided by 643?
637
What is the remainder when 34119242 is divided by 1647?
1637
Calculate the remainder when 88878 is divided by 659.
572
What is the remainder when 4228990 is divided by 1652?
1522
Calculate the remainder when 29669123 is divided by 227.
223
What is the remainder when 65192 is divided by 10860?
32
Calculate the remainder when 1249275 is divided by 39039.
27
Calculate the remainder when 3471080 is divided by 25336.
48
What is the remainder when 3656822 is divided by 4509?
23
What is the remainder when 11182 is divided by 1457?
983
What is the remainder when 583057 is divided by 12675?
7
Calculate the remainder when 13810731 is divided by 236.
11
What is the remainder when 129512 is divided by 64716?
80
Calculate the remainder when 71735006 is divided by 2314032.
14
Calculate the remainder when 399194 is divided by 835.
64
What is the remainder when 10748989 is divided by 189?
181
What is the remainder when 9514460 is divided by 9514429?
31
Calculate the remainder when 2270514 is divided by 28.
22
What is the remainder when 45582735 is divided by 2702?
2697
Calculate the remainder when 25685009 is divided by 1170.
1169
What is the remainder when 1281800 is divided by 1281784?
16
Calculate the remainder when 27838 is divided by 7297.
5947
Calculate the remainder when 14059644 is divided by 9436.
4
What is the remainder when 649993 is divided by 67?
26
What is the remainder when 683086 is divided by 234?
40
Calculate the remainder when 22706861 is divided by 2454.
2453
What is the remainder when 75643798 is divided by 90483?
10
Calculate the remainder when 476756 is divided by 235326.
6104
Calculate the remainder when 261699 is divided by 2117.
1308
What is the remainder when 1089395 is divided by 13279?
517
Calculate the remainder when 371987 is divided by 12377.
677
What is the remainder when 696677 is divided by 719?
685
What is the remainder when 257230 is divide